{"id":760,"date":"2020-04-23T18:12:48","date_gmt":"2020-04-23T15:12:48","guid":{"rendered":"https:\/\/www.taivassalo-seura.fi\/?page_id=760"},"modified":"2020-04-24T12:15:32","modified_gmt":"2020-04-24T09:15:32","slug":"suutarinverstas","status":"publish","type":"page","link":"https:\/\/www.taivassalo-seura.fi\/?page_id=760","title":{"rendered":"Suutarinverstas"},"content":{"rendered":"\t\t<div data-elementor-type=\"wp-page\" data-elementor-id=\"760\" class=\"elementor elementor-760\">\n\t\t\t\t\t\t<section class=\"elementor-section elementor-top-section elementor-element elementor-element-3e85ef65 elementor-section-boxed elementor-section-height-default elementor-section-height-default\" data-id=\"3e85ef65\" data-element_type=\"section\">\n\t\t\t\t\t\t<div class=\"elementor-container elementor-column-gap-default\">\n\t\t\t\t\t<div class=\"elementor-column elementor-col-100 elementor-top-column elementor-element elementor-element-2dfe36b2\" data-id=\"2dfe36b2\" data-element_type=\"column\">\n\t\t\t<div class=\"elementor-widget-wrap elementor-element-populated\">\n\t\t\t\t\t\t<div class=\"elementor-element elementor-element-5459bf81 elementor-widget elementor-widget-heading\" data-id=\"5459bf81\" data-element_type=\"widget\" data-widget_type=\"heading.default\">\n\t\t\t\t<div class=\"elementor-widget-container\">\n\t\t\t<h2 class=\"elementor-heading-title elementor-size-default\">Suutarinverstas<\/h2>\t\t<\/div>\n\t\t\t\t<\/div>\n\t\t\t\t\t<\/div>\n\t\t<\/div>\n\t\t\t\t\t<\/div>\n\t\t<\/section>\n\t\t\t\t<section class=\"elementor-section elementor-top-section elementor-element elementor-element-4ad415e1 elementor-section-boxed elementor-section-height-default elementor-section-height-default\" data-id=\"4ad415e1\" data-element_type=\"section\">\n\t\t\t\t\t\t<div class=\"elementor-container elementor-column-gap-default\">\n\t\t\t\t\t<div class=\"elementor-column elementor-col-100 elementor-top-column elementor-element elementor-element-42ecb8e\" data-id=\"42ecb8e\" data-element_type=\"column\">\n\t\t\t<div class=\"elementor-widget-wrap elementor-element-populated\">\n\t\t\t\t\t\t<div class=\"elementor-element elementor-element-4700ca79 elementor-widget elementor-widget-text-editor\" data-id=\"4700ca79\" data-element_type=\"widget\" data-widget_type=\"text-editor.default\">\n\t\t\t\t<div class=\"elementor-widget-container\">\n\t\t\t\t\t\t\t<p class=\"western\">Merenkulkuhuoneen vieress\u00e4 on suutarinverstas. Seuraavassa kerrotaan, mit\u00e4 kaikkea voi n\u00e4hd\u00e4, kun ovelta sis\u00e4lle kurkistaa.<\/p><p>Suutarinp\u00f6yt\u00e4 on kuulunut taivassalolaiselle suutarille, Edvard Siivoselle. P\u00f6yd\u00e4ll\u00e4 on mm. erityyppisi\u00e4 naskaleita, vasaroita, pikilangan aineksia, puupinnoja ja sianharjaksia. Spriit\u00e4 sis\u00e4lt\u00e4nyt lasipullo toimi kohdevalaisimena eli suutarinsilm\u00e4n\u00e4.<\/p><p>Lattialla n\u00e4kyy saappaanv\u00e4\u00e4ristyspuita ja saapasformu eli muotti, jolla saappaan vartta muotoiltiin.. Arkun p\u00e4\u00e4lle on asetettu naisten kangaskeng\u00e4t, joissa on symmetriset pohjat, ja lasten nahkaiset varsikeng\u00e4t, joissa my\u00f6s on suorat lestit. Kangastossut on ommeltu koneella, pikkulapsen lapatossut k\u00e4sin. Naulassa on nahkaesiliina, f\u00f6rkkeli.<\/p><p align=\"justify\">Per\u00e4sein\u00e4ll\u00e4 oleva 1700-luvun kaappi on per\u00e4isin Viiasista. Teurastajalle kuulunut pyssy on uunin krantilla eli reunuksella.<\/p>\t\t\t\t\t\t<\/div>\n\t\t\t\t<\/div>\n\t\t\t\t\t<\/div>\n\t\t<\/div>\n\t\t\t\t\t<\/div>\n\t\t<\/section>\n\t\t\t\t<section class=\"elementor-section elementor-top-section elementor-element elementor-element-62318c80 elementor-section-boxed elementor-section-height-default elementor-section-height-default\" data-id=\"62318c80\" data-element_type=\"section\">\n\t\t\t\t\t\t<div class=\"elementor-container elementor-column-gap-default\">\n\t\t\t\t\t<div class=\"elementor-column elementor-col-100 elementor-top-column elementor-element elementor-element-1b3863e3\" data-id=\"1b3863e3\" data-element_type=\"column\">\n\t\t\t<div class=\"elementor-widget-wrap elementor-element-populated\">\n\t\t\t\t\t\t<section class=\"elementor-section elementor-inner-section elementor-element elementor-element-32c7f891 elementor-section-boxed elementor-section-height-default elementor-section-height-default\" data-id=\"32c7f891\" data-element_type=\"section\">\n\t\t\t\t\t\t<div class=\"elementor-container elementor-column-gap-default\">\n\t\t\t\t\t<div class=\"elementor-column elementor-col-50 elementor-inner-column elementor-element elementor-element-6a9a402e\" data-id=\"6a9a402e\" data-element_type=\"column\">\n\t\t\t<div class=\"elementor-widget-wrap elementor-element-populated\">\n\t\t\t\t\t\t<div class=\"elementor-element elementor-element-45233edf elementor-widget elementor-widget-button\" data-id=\"45233edf\" data-element_type=\"widget\" data-widget_type=\"button.default\">\n\t\t\t\t<div class=\"elementor-widget-container\">\n\t\t\t\t\t<div class=\"elementor-button-wrapper\">\n\t\t\t<a class=\"elementor-button elementor-button-link elementor-size-sm\" href=\"https:\/\/www.taivassalo-seura.fi\/?page_id=750\">\n\t\t\t\t\t\t<span class=\"elementor-button-content-wrapper\">\n\t\t\t\t\t\t\t\t\t<span class=\"elementor-button-text\">Merenkulkuhuone<\/span>\n\t\t\t\t\t<\/span>\n\t\t\t\t\t<\/a>\n\t\t<\/div>\n\t\t\t\t<\/div>\n\t\t\t\t<\/div>\n\t\t\t\t\t<\/div>\n\t\t<\/div>\n\t\t\t\t<div class=\"elementor-column elementor-col-50 elementor-inner-column elementor-element elementor-element-34d24a83\" data-id=\"34d24a83\" data-element_type=\"column\">\n\t\t\t<div class=\"elementor-widget-wrap elementor-element-populated\">\n\t\t\t\t\t\t<div class=\"elementor-element elementor-element-54fc20e2 elementor-align-right elementor-widget elementor-widget-button\" data-id=\"54fc20e2\" data-element_type=\"widget\" data-widget_type=\"button.default\">\n\t\t\t\t<div class=\"elementor-widget-container\">\n\t\t\t\t\t<div class=\"elementor-button-wrapper\">\n\t\t\t<a class=\"elementor-button elementor-button-link elementor-size-sm\" href=\"https:\/\/www.taivassalo-seura.fi\/?page_id=764\">\n\t\t\t\t\t\t<span class=\"elementor-button-content-wrapper\">\n\t\t\t\t\t\t\t\t\t<span class=\"elementor-button-text\">Kalastusv\u00e4linnet<\/span>\n\t\t\t\t\t<\/span>\n\t\t\t\t\t<\/a>\n\t\t<\/div>\n\t\t\t\t<\/div>\n\t\t\t\t<\/div>\n\t\t\t\t\t<\/div>\n\t\t<\/div>\n\t\t\t\t\t<\/div>\n\t\t<\/section>\n\t\t\t\t\t<\/div>\n\t\t<\/div>\n\t\t\t\t\t<\/div>\n\t\t<\/section>\n\t\t\t\t<\/div>\n\t\t","protected":false},"excerpt":{"rendered":"<p>Suutarinverstas Merenkulkuhuoneen vieress\u00e4 on suutarinverstas. Seuraavassa kerrotaan, mit\u00e4 kaikkea voi n\u00e4hd\u00e4, kun ovelta sis\u00e4lle kurkistaa. Suutarinp\u00f6yt\u00e4 on kuulunut taivassalolaiselle suutarille, Edvard Siivoselle. P\u00f6yd\u00e4ll\u00e4 on mm. erityyppisi\u00e4 naskaleita, vasaroita, pikilangan aineksia, puupinnoja ja sianharjaksia. Spriit\u00e4 sis\u00e4lt\u00e4nyt lasipullo toimi kohdevalaisimena eli suutarinsilm\u00e4n\u00e4. Lattialla n\u00e4kyy saappaanv\u00e4\u00e4ristyspuita ja saapasformu eli muotti, jolla saappaan vartta muotoiltiin.. Arkun p\u00e4\u00e4lle on asetettu &hellip; <\/p>\n<p class=\"link-more\"><a href=\"https:\/\/www.taivassalo-seura.fi\/?page_id=760\" class=\"more-link\">Jatka lukemista<span class=\"screen-reader-text\"> &#8221;Suutarinverstas&#8221;<\/span><\/a><\/p>\n","protected":false},"author":1,"featured_media":0,"parent":0,"menu_order":0,"comment_status":"closed","ping_status":"closed","template":"","meta":{"footnotes":""},"_links":{"self":[{"href":"https:\/\/www.taivassalo-seura.fi\/index.php?rest_route=\/wp\/v2\/pages\/760"}],"collection":[{"href":"https:\/\/www.taivassalo-seura.fi\/index.php?rest_route=\/wp\/v2\/pages"}],"about":[{"href":"https:\/\/www.taivassalo-seura.fi\/index.php?rest_route=\/wp\/v2\/types\/page"}],"author":[{"embeddable":true,"href":"https:\/\/www.taivassalo-seura.fi\/index.php?rest_route=\/wp\/v2\/users\/1"}],"replies":[{"embeddable":true,"href":"https:\/\/www.taivassalo-seura.fi\/index.php?rest_route=%2Fwp%2Fv2%2Fcomments&post=760"}],"version-history":[{"count":7,"href":"https:\/\/www.taivassalo-seura.fi\/index.php?rest_route=\/wp\/v2\/pages\/760\/revisions"}],"predecessor-version":[{"id":821,"href":"https:\/\/www.taivassalo-seura.fi\/index.php?rest_route=\/wp\/v2\/pages\/760\/revisions\/821"}],"wp:attachment":[{"href":"https:\/\/www.taivassalo-seura.fi\/index.php?rest_route=%2Fwp%2Fv2%2Fmedia&parent=760"}],"curies":[{"name":"wp","href":"https:\/\/api.w.org\/{rel}","templated":true}]}}