{"id":7,"date":"2015-05-08T16:05:22","date_gmt":"2015-05-08T13:05:22","guid":{"rendered":"https:\/\/taivassalonmuseo.wordpress.com\/?page_id=6"},"modified":"2023-03-01T14:28:21","modified_gmt":"2023-03-01T12:28:21","slug":"taivassalo-seura","status":"publish","type":"page","link":"https:\/\/www.taivassalo-seura.fi\/?page_id=7","title":{"rendered":"Taivassalo-Seura"},"content":{"rendered":"\n<div class=\"wp-block-group\"><div class=\"wp-block-group__inner-container is-layout-flow wp-block-group-is-layout-flow\">\n<p>Taivassalo-Seura ry on vuonna 1960 perustettu kotiseutuyhdistys, jonka toiminnan tavoitteena on paikallisen historian ja kulttuuriperinn\u00f6n vaaliminen. Seura pyrkii my\u00f6s kehitt\u00e4m\u00e4\u00e4n Taivassalon kulttuuritarjontaa ja parantamaan alueen ymp\u00e4rist\u00f6n laatua sek\u00e4 ihmisten viihtyvyytt\u00e4.<\/p>\n<p>Taivassalo-Seura yll\u00e4pit\u00e4\u00e4 vuonna 1970 perustettua Viiasten kartanomuseota, Ketarsalmella sijaitsevaa korsumuseota, 1800-luvun alkupuolelta olevaa Marjuksen rannan suolamakasiinia ja kunnan kotiseutuarkistoa.<\/p>\n<p>Seura j\u00e4rjest\u00e4\u00e4 vuosittain erilaisia tapahtumia mm.<\/p>\n<ul>\n<li>kotiseutu- ja museop\u00e4ivi\u00e4,<\/li>\n<li>laulutapahtumia sek\u00e4<\/li>\n<li>taide- ja teeman\u00e4yttelyit\u00e4.<\/li>\n<\/ul>\n<p><strong>Vanhat valokuvat digitoitavaksi<\/strong><\/p>\n<p>Onko sinulla vanhoja valokuvia, joita olisit valmis antamaan digitoitavaksi? Alkuper\u00e4inen kuvamateriaali j\u00e4\u00e4 aina sinulle ja digitoinnin yhteydess\u00e4 k\u00e4yd\u00e4\u00e4n l\u00e4pi my\u00f6s tekij\u00e4noikeuksiin liittyv\u00e4t asiat. Yksityishenkil\u00f6ilt\u00e4 toivotaan erityisesti saaristomaiseman muutosta ja saaristolaisten ty\u00f6h\u00f6n ja toimeentuloon liittyv\u00e4\u00e4 kuvamateriaalia.<\/p>\n<p><strong>Ota yhteytt\u00e4:<\/strong> info (at) taivassalo-seura.fi<\/p>\n<\/div><\/div>\n","protected":false},"excerpt":{"rendered":"<p>Taivassalo-Seura ry on vuonna 1960 perustettu kotiseutuyhdistys, jonka toiminnan tavoitteena on paikallisen historian ja kulttuuriperinn\u00f6n vaaliminen. Seura pyrkii my\u00f6s kehitt\u00e4m\u00e4\u00e4n Taivassalon kulttuuritarjontaa ja parantamaan alueen ymp\u00e4rist\u00f6n laatua sek\u00e4 ihmisten viihtyvyytt\u00e4. Taivassalo-Seura yll\u00e4pit\u00e4\u00e4 vuonna 1970 perustettua Viiasten kartanomuseota, Ketarsalmella sijaitsevaa korsumuseota, 1800-luvun alkupuolelta olevaa Marjuksen rannan suolamakasiinia ja kunnan kotiseutuarkistoa. Seura j\u00e4rjest\u00e4\u00e4 vuosittain erilaisia tapahtumia mm. &hellip; <\/p>\n<p class=\"link-more\"><a href=\"https:\/\/www.taivassalo-seura.fi\/?page_id=7\" class=\"more-link\">Jatka lukemista<span class=\"screen-reader-text\"> &#8221;Taivassalo-Seura&#8221;<\/span><\/a><\/p>\n","protected":false},"author":1,"featured_media":0,"parent":0,"menu_order":0,"comment_status":"closed","ping_status":"closed","template":"","meta":{"footnotes":""},"_links":{"self":[{"href":"https:\/\/www.taivassalo-seura.fi\/index.php?rest_route=\/wp\/v2\/pages\/7"}],"collection":[{"href":"https:\/\/www.taivassalo-seura.fi\/index.php?rest_route=\/wp\/v2\/pages"}],"about":[{"href":"https:\/\/www.taivassalo-seura.fi\/index.php?rest_route=\/wp\/v2\/types\/page"}],"author":[{"embeddable":true,"href":"https:\/\/www.taivassalo-seura.fi\/index.php?rest_route=\/wp\/v2\/users\/1"}],"replies":[{"embeddable":true,"href":"https:\/\/www.taivassalo-seura.fi\/index.php?rest_route=%2Fwp%2Fv2%2Fcomments&post=7"}],"version-history":[{"count":2,"href":"https:\/\/www.taivassalo-seura.fi\/index.php?rest_route=\/wp\/v2\/pages\/7\/revisions"}],"predecessor-version":[{"id":1921,"href":"https:\/\/www.taivassalo-seura.fi\/index.php?rest_route=\/wp\/v2\/pages\/7\/revisions\/1921"}],"wp:attachment":[{"href":"https:\/\/www.taivassalo-seura.fi\/index.php?rest_route=%2Fwp%2Fv2%2Fmedia&parent=7"}],"curies":[{"name":"wp","href":"https:\/\/api.w.org\/{rel}","templated":true}]}}