{"id":687,"date":"2020-04-20T11:56:59","date_gmt":"2020-04-20T08:56:59","guid":{"rendered":"https:\/\/www.taivassalo-seura.fi\/?page_id=687"},"modified":"2020-04-29T06:10:29","modified_gmt":"2020-04-29T03:10:29","slug":"makuuhuone","status":"publish","type":"page","link":"https:\/\/www.taivassalo-seura.fi\/?page_id=687","title":{"rendered":"Makuuhuone"},"content":{"rendered":"\t\t<div data-elementor-type=\"wp-page\" data-elementor-id=\"687\" class=\"elementor elementor-687\">\n\t\t\t\t\t\t<section class=\"elementor-section elementor-top-section elementor-element elementor-element-333aad2 elementor-section-boxed elementor-section-height-default elementor-section-height-default\" data-id=\"333aad2\" data-element_type=\"section\">\n\t\t\t\t\t\t<div class=\"elementor-container elementor-column-gap-default\">\n\t\t\t\t\t<div class=\"elementor-column elementor-col-100 elementor-top-column elementor-element elementor-element-89596d1\" data-id=\"89596d1\" data-element_type=\"column\">\n\t\t\t<div class=\"elementor-widget-wrap elementor-element-populated\">\n\t\t\t\t\t\t<div class=\"elementor-element elementor-element-c60519e elementor-widget elementor-widget-heading\" data-id=\"c60519e\" data-element_type=\"widget\" data-widget_type=\"heading.default\">\n\t\t\t\t<div class=\"elementor-widget-container\">\n\t\t\t<h2 class=\"elementor-heading-title elementor-size-default\">Makuuhuone<\/h2>\t\t<\/div>\n\t\t\t\t<\/div>\n\t\t\t\t\t<\/div>\n\t\t<\/div>\n\t\t\t\t\t<\/div>\n\t\t<\/section>\n\t\t\t\t<section class=\"elementor-section elementor-top-section elementor-element elementor-element-c781004 elementor-section-boxed elementor-section-height-default elementor-section-height-default\" data-id=\"c781004\" data-element_type=\"section\">\n\t\t\t\t\t\t<div class=\"elementor-container elementor-column-gap-default\">\n\t\t\t\t\t<div class=\"elementor-column elementor-col-100 elementor-top-column elementor-element elementor-element-921fa55\" data-id=\"921fa55\" data-element_type=\"column\">\n\t\t\t<div class=\"elementor-widget-wrap elementor-element-populated\">\n\t\t\t\t\t\t<div class=\"elementor-element elementor-element-e8b5520 elementor-widget elementor-widget-text-editor\" data-id=\"e8b5520\" data-element_type=\"widget\" data-widget_type=\"text-editor.default\">\n\t\t\t\t<div class=\"elementor-widget-container\">\n\t\t\t\t\t\t\t<p class=\"western\">Huoneen per\u00e4ll\u00e4 oleva makuualkovi on ollut aikaisemmin syvempi. Sen takaosasta on erotettu kaksi vaatekomeroa ja niiden v\u00e4liin on sijoitettu l\u00e4\u00e4kekaappi. Alkovissa nukkuivat talon em\u00e4nt\u00e4 ja is\u00e4nt\u00e4. Perheen lapsilla ja vierailla oli makuutilat yl\u00e4kerrassa.<\/p><p>Kalustus on l\u00e4hes kokonaan alkuper\u00e4inen. Vanhin huonekalu on rokokoo-tyylinen kirjoitusp\u00f6yt\u00e4, jonka laatikollinen koroke, hursti, on poistettu. P\u00f6yd\u00e4n \u00f6ljylampussa k\u00e4ytettiin nauriinsiemenist\u00e4 puristettua \u00f6ljy\u00e4.<\/p><p>P\u00f6yd\u00e4n takana sein\u00e4ll\u00e4 on kuva hovioikeudenkomissaari Hans Wittfoothista (k. 1732), joka aikoinaan oli Turun rikkain suola- ja rihkamakauppias. H\u00e4nell\u00e4 oli omaisuutta nelj\u00e4 kertaa niin paljon kuin Turun muilla saman alan kauppiailla yhteens\u00e4. Hans Wittfoothin veljen, Gustafin sukuhaara el\u00e4\u00e4 Taivassalon Viiaisissa ja on ainoa elossa oleva t\u00e4m\u00e4n suvun sukuhaara.<\/p><p>Empiretyylisen sohvan yl\u00e4puolella on alikapteeni Gustaf Wittfoothin (1796-1874) ja h\u00e4nen puolisonsa Maria Malmin (1831-1909) kuvat. Seinill\u00e4 on kolme Agnes Wittfooth-Raaden maalausta.<\/p>\t\t\t\t\t\t<\/div>\n\t\t\t\t<\/div>\n\t\t\t\t\t<\/div>\n\t\t<\/div>\n\t\t\t\t\t<\/div>\n\t\t<\/section>\n\t\t\t\t<section class=\"elementor-section elementor-top-section elementor-element elementor-element-18bf28ae elementor-section-boxed elementor-section-height-default elementor-section-height-default\" data-id=\"18bf28ae\" data-element_type=\"section\">\n\t\t\t\t\t\t<div class=\"elementor-container elementor-column-gap-default\">\n\t\t\t\t\t<div class=\"elementor-column elementor-col-100 elementor-top-column elementor-element elementor-element-4455888a\" data-id=\"4455888a\" data-element_type=\"column\">\n\t\t\t<div class=\"elementor-widget-wrap elementor-element-populated\">\n\t\t\t\t\t\t<section class=\"elementor-section elementor-inner-section elementor-element elementor-element-4916a136 elementor-section-boxed elementor-section-height-default elementor-section-height-default\" data-id=\"4916a136\" data-element_type=\"section\">\n\t\t\t\t\t\t<div class=\"elementor-container elementor-column-gap-default\">\n\t\t\t\t\t<div class=\"elementor-column elementor-col-50 elementor-inner-column elementor-element elementor-element-3c1ee6ee\" data-id=\"3c1ee6ee\" data-element_type=\"column\">\n\t\t\t<div class=\"elementor-widget-wrap elementor-element-populated\">\n\t\t\t\t\t\t<div class=\"elementor-element elementor-element-5cf644c1 elementor-widget elementor-widget-button\" data-id=\"5cf644c1\" data-element_type=\"widget\" data-widget_type=\"button.default\">\n\t\t\t\t<div class=\"elementor-widget-container\">\n\t\t\t\t\t<div class=\"elementor-button-wrapper\">\n\t\t\t<a class=\"elementor-button elementor-button-link elementor-size-sm\" href=\"https:\/\/www.taivassalo-seura.fi\/?page_id=683\">\n\t\t\t\t\t\t<span class=\"elementor-button-content-wrapper\">\n\t\t\t\t\t\t\t\t\t<span class=\"elementor-button-text\">Ty\u00f6huone<\/span>\n\t\t\t\t\t<\/span>\n\t\t\t\t\t<\/a>\n\t\t<\/div>\n\t\t\t\t<\/div>\n\t\t\t\t<\/div>\n\t\t\t\t\t<\/div>\n\t\t<\/div>\n\t\t\t\t<div class=\"elementor-column elementor-col-50 elementor-inner-column elementor-element elementor-element-5f485b04\" data-id=\"5f485b04\" data-element_type=\"column\">\n\t\t\t<div class=\"elementor-widget-wrap elementor-element-populated\">\n\t\t\t\t\t\t<div class=\"elementor-element elementor-element-11342a10 elementor-align-right elementor-widget elementor-widget-button\" data-id=\"11342a10\" data-element_type=\"widget\" data-widget_type=\"button.default\">\n\t\t\t\t<div class=\"elementor-widget-container\">\n\t\t\t\t\t<div class=\"elementor-button-wrapper\">\n\t\t\t<a class=\"elementor-button elementor-button-link elementor-size-sm\" href=\"https:\/\/www.taivassalo-seura.fi\/?page_id=691\">\n\t\t\t\t\t\t<span class=\"elementor-button-content-wrapper\">\n\t\t\t\t\t\t\t\t\t<span class=\"elementor-button-text\">Ruokasali<\/span>\n\t\t\t\t\t<\/span>\n\t\t\t\t\t<\/a>\n\t\t<\/div>\n\t\t\t\t<\/div>\n\t\t\t\t<\/div>\n\t\t\t\t\t<\/div>\n\t\t<\/div>\n\t\t\t\t\t<\/div>\n\t\t<\/section>\n\t\t\t\t\t<\/div>\n\t\t<\/div>\n\t\t\t\t\t<\/div>\n\t\t<\/section>\n\t\t\t\t<\/div>\n\t\t","protected":false},"excerpt":{"rendered":"<p>Makuuhuone Huoneen per\u00e4ll\u00e4 oleva makuualkovi on ollut aikaisemmin syvempi. Sen takaosasta on erotettu kaksi vaatekomeroa ja niiden v\u00e4liin on sijoitettu l\u00e4\u00e4kekaappi. Alkovissa nukkuivat talon em\u00e4nt\u00e4 ja is\u00e4nt\u00e4. Perheen lapsilla ja vierailla oli makuutilat yl\u00e4kerrassa. Kalustus on l\u00e4hes kokonaan alkuper\u00e4inen. Vanhin huonekalu on rokokoo-tyylinen kirjoitusp\u00f6yt\u00e4, jonka laatikollinen koroke, hursti, on poistettu. P\u00f6yd\u00e4n \u00f6ljylampussa k\u00e4ytettiin nauriinsiemenist\u00e4 puristettua &hellip; <\/p>\n<p class=\"link-more\"><a href=\"https:\/\/www.taivassalo-seura.fi\/?page_id=687\" class=\"more-link\">Jatka lukemista<span class=\"screen-reader-text\"> &#8221;Makuuhuone&#8221;<\/span><\/a><\/p>\n","protected":false},"author":1,"featured_media":0,"parent":0,"menu_order":0,"comment_status":"closed","ping_status":"closed","template":"","meta":{"footnotes":""},"_links":{"self":[{"href":"https:\/\/www.taivassalo-seura.fi\/index.php?rest_route=\/wp\/v2\/pages\/687"}],"collection":[{"href":"https:\/\/www.taivassalo-seura.fi\/index.php?rest_route=\/wp\/v2\/pages"}],"about":[{"href":"https:\/\/www.taivassalo-seura.fi\/index.php?rest_route=\/wp\/v2\/types\/page"}],"author":[{"embeddable":true,"href":"https:\/\/www.taivassalo-seura.fi\/index.php?rest_route=\/wp\/v2\/users\/1"}],"replies":[{"embeddable":true,"href":"https:\/\/www.taivassalo-seura.fi\/index.php?rest_route=%2Fwp%2Fv2%2Fcomments&post=687"}],"version-history":[{"count":4,"href":"https:\/\/www.taivassalo-seura.fi\/index.php?rest_route=\/wp\/v2\/pages\/687\/revisions"}],"predecessor-version":[{"id":876,"href":"https:\/\/www.taivassalo-seura.fi\/index.php?rest_route=\/wp\/v2\/pages\/687\/revisions\/876"}],"wp:attachment":[{"href":"https:\/\/www.taivassalo-seura.fi\/index.php?rest_route=%2Fwp%2Fv2%2Fmedia&parent=687"}],"curies":[{"name":"wp","href":"https:\/\/api.w.org\/{rel}","templated":true}]}}