{"id":1094,"date":"2020-06-08T16:02:00","date_gmt":"2020-06-08T13:02:00","guid":{"rendered":"https:\/\/www.taivassalo-seura.fi\/?page_id=1094"},"modified":"2025-05-11T13:09:27","modified_gmt":"2025-05-11T11:09:27","slug":"kunniajasenet-1960-2000","status":"publish","type":"page","link":"https:\/\/www.taivassalo-seura.fi\/?page_id=1094","title":{"rendered":"Kunniaj\u00e4senet"},"content":{"rendered":"\t\t<div data-elementor-type=\"wp-page\" data-elementor-id=\"1094\" class=\"elementor elementor-1094\">\n\t\t\t\t\t\t<section class=\"elementor-section elementor-top-section elementor-element elementor-element-34a30240 elementor-section-boxed elementor-section-height-default elementor-section-height-default\" data-id=\"34a30240\" data-element_type=\"section\">\n\t\t\t\t\t\t<div class=\"elementor-container elementor-column-gap-default\">\n\t\t\t\t\t<div class=\"elementor-column elementor-col-100 elementor-top-column elementor-element elementor-element-314bae6c\" data-id=\"314bae6c\" data-element_type=\"column\">\n\t\t\t<div class=\"elementor-widget-wrap elementor-element-populated\">\n\t\t\t\t\t\t<div class=\"elementor-element elementor-element-3461af9c elementor-widget elementor-widget-text-editor\" data-id=\"3461af9c\" data-element_type=\"widget\" data-widget_type=\"text-editor.default\">\n\t\t\t\t<div class=\"elementor-widget-container\">\n\t\t\t\t\t\t\t<p><!-- wp:paragraph {\"align\":\"center\"} --><\/p>\n<p class=\"has-text-align-center\"><strong>Seuran kunniaj\u00e4seniksi on vuosien 1960-2023 aikana kutsuttu seuraavat ansioituneet henkil\u00f6t:<\/strong><\/p>\n<p><!-- \/wp:paragraph --><\/p>\n<p><!-- wp:table --><\/p>\n<figure class=\"wp-block-table\">\n<table>\n<thead>\n<tr>\n<th>Nimi<\/th>\n<th>Vuosi<\/th>\n<\/tr>\n<\/thead>\n<tbody>\n<tr>\n<td>Jalmari Saario<\/td>\n<td>1961<\/td>\n<\/tr>\n<tr>\n<td>Alarik Pajula<\/td>\n<td>1961<\/td>\n<\/tr>\n<tr>\n<td>Santeri Kleemola<\/td>\n<td>1971<\/td>\n<\/tr>\n<tr>\n<td>Ensi \u00d6sterman<\/td>\n<td>1976<\/td>\n<\/tr>\n<tr>\n<td>Erkki Suominen<\/td>\n<td>1976<\/td>\n<\/tr>\n<tr>\n<td>Maire Raade<\/td>\n<td>1976<\/td>\n<\/tr>\n<tr>\n<td>Aarne Paavola<\/td>\n<td>1976<\/td>\n<\/tr>\n<tr>\n<td>Aili G\u00e4stgivars<\/td>\n<td>1980<\/td>\n<\/tr>\n<tr>\n<td>Simo Kurkilahti<\/td>\n<td>1980<\/td>\n<\/tr>\n<tr>\n<td>Aimo Keskitalo<\/td>\n<td>1987<\/td>\n<\/tr>\n<tr>\n<td>Yrj\u00f6 Larjama<\/td>\n<td>1987<\/td>\n<\/tr>\n<tr>\n<td>Viljo \u00c4ik\u00e4s<\/td>\n<td>1987<\/td>\n<\/tr>\n<tr>\n<td>Ada Tommila<\/td>\n<td>1990<\/td>\n<\/tr>\n<tr>\n<td>Onni Laukkanen<\/td>\n<td>1995<\/td>\n<\/tr>\n<tr>\n<td>Olavi M\u00e4kel\u00e4<\/td>\n<td>1995<\/td>\n<\/tr>\n<tr>\n<td>Raimo Lehtonen<\/td>\n<td>2002<\/td>\n<\/tr>\n<tr>\n<td>Unto Raikunen<\/td>\n<td>2002<\/td>\n<\/tr>\n<tr>\n<td>Rauni Nummelin<\/td>\n<td>2006<\/td>\n<\/tr>\n<tr>\n<td>Tarmo P\u00e4iv\u00e4rinta<\/td>\n<td>2018<\/td>\n<\/tr>\n<tr>\n<td>Seija Heikkil\u00e4<\/td>\n<td>2021<\/td>\n<\/tr>\n<tr>\n<td>Raimo Lehtonen<\/td>\n<td>2021<\/td>\n<\/tr>\n<tr>\n<td>Anssi P\u00e4iv\u00e4rinta<\/td>\n<td>2021<\/td>\n<\/tr>\n<tr>\n<td>Anssi Suinila<\/td>\n<td>2021<\/td>\n<\/tr>\n<tr>\n<td>\n<p>Eira Rouvali<\/p>\n<p>Inga Gr\u00f6nlund\u00a0\u00a0<\/p>\n<\/td>\n<td>\n<p>2023<\/p>\n<p>2025<\/p>\n<\/td>\n<\/tr>\n<\/tbody>\n<\/table>\n<\/figure>\n<p><!-- \/wp:table --><\/p>\n<p><!-- wp:paragraph --><\/p>\n<p><!-- \/wp:paragraph --><\/p>\t\t\t\t\t\t<\/div>\n\t\t\t\t<\/div>\n\t\t\t\t\t<\/div>\n\t\t<\/div>\n\t\t\t\t\t<\/div>\n\t\t<\/section>\n\t\t\t\t<\/div>\n\t\t","protected":false},"excerpt":{"rendered":"<p>Seuran kunniaj\u00e4seniksi on vuosien 1960-2023 aikana kutsuttu seuraavat ansioituneet henkil\u00f6t: Nimi Vuosi Jalmari Saario 1961 Alarik Pajula 1961 Santeri Kleemola 1971 Ensi \u00d6sterman 1976 Erkki Suominen 1976 Maire Raade 1976 Aarne Paavola 1976 Aili G\u00e4stgivars 1980 Simo Kurkilahti 1980 Aimo Keskitalo 1987 Yrj\u00f6 Larjama 1987 Viljo \u00c4ik\u00e4s 1987 Ada Tommila 1990 Onni Laukkanen 1995 Olavi &hellip; <\/p>\n<p class=\"link-more\"><a href=\"https:\/\/www.taivassalo-seura.fi\/?page_id=1094\" class=\"more-link\">Jatka lukemista<span class=\"screen-reader-text\"> &#8221;Kunniaj\u00e4senet&#8221;<\/span><\/a><\/p>\n","protected":false},"author":1,"featured_media":0,"parent":0,"menu_order":0,"comment_status":"closed","ping_status":"closed","template":"","meta":{"footnotes":""},"_links":{"self":[{"href":"https:\/\/www.taivassalo-seura.fi\/index.php?rest_route=\/wp\/v2\/pages\/1094"}],"collection":[{"href":"https:\/\/www.taivassalo-seura.fi\/index.php?rest_route=\/wp\/v2\/pages"}],"about":[{"href":"https:\/\/www.taivassalo-seura.fi\/index.php?rest_route=\/wp\/v2\/types\/page"}],"author":[{"embeddable":true,"href":"https:\/\/www.taivassalo-seura.fi\/index.php?rest_route=\/wp\/v2\/users\/1"}],"replies":[{"embeddable":true,"href":"https:\/\/www.taivassalo-seura.fi\/index.php?rest_route=%2Fwp%2Fv2%2Fcomments&post=1094"}],"version-history":[{"count":9,"href":"https:\/\/www.taivassalo-seura.fi\/index.php?rest_route=\/wp\/v2\/pages\/1094\/revisions"}],"predecessor-version":[{"id":2187,"href":"https:\/\/www.taivassalo-seura.fi\/index.php?rest_route=\/wp\/v2\/pages\/1094\/revisions\/2187"}],"wp:attachment":[{"href":"https:\/\/www.taivassalo-seura.fi\/index.php?rest_route=%2Fwp%2Fv2%2Fmedia&parent=1094"}],"curies":[{"name":"wp","href":"https:\/\/api.w.org\/{rel}","templated":true}]}}